Evaluate 0 + -10 + (-2 - 0) + 2.
-10
What is the value of -7 + (9 - (-16 + -1 - (-7 - -14)))?
26
2 + (0 - 1) - 28 - (-5567 + 5561)
-21
What is -12 + 8 - (-2 - (0 + 2))?
0
Calculate -6 + 0 + 14 + -7 - (21 + -31).
11
What is -1 - 2 - (-10 - 6 - -9)?
4
What is the value of (1 - -1) + 0 + -21?
-19
Evaluate (1 - -3) + 1 - (61 + -44 + 7).
-19
Evaluate (-2 - 0) + 8 - 0 - (-46 + 45).
7
What is -7 - (17 + (-45 - -56))?
-35
What is the value of 26 - (8 + 5 + 4 + -26)?
35
14 + -28 + -20 - (0 + -10)
-24
Calculate -18 + (9 - 15) + 15.
-9
Evaluate 16 - (-5 + (-9 - -17)) - 9.
4
Evaluate -15 + 24 + (-1 - (18 - -2)).
-12
What is -78 + 81 - 48 - (-11 + -1 + 0)?
-33
What is 35 - (3 + 9 - (9 - (10 + -2)))?
24
What is the value of 5 - (-10 + 16 + 11 + 0)?
-12
What is the value of -16 - (5 - (1 - -14)) - (5 + 1)?
-12
Evaluate (-3 - (-7 - (7 - (4 - 2)))) + 8.
17
Calculate 79 + 76 + -170 + 10 + -1.
-6
Calculate -36 - -25 - -21 - (1 + -5).
14
Calculate 0 - ((-14 - -22) + -17).
9
What is the value of 0 - (-5 + -23 + (-2 - 5) + 9)?
26
-11 + 9 + -6 + -1 + -2
-11
Evaluate -7 - ((-19 - (2 + -10)) + -5).
9
Calculate (-1 - (-7 - 5 - -2)) + 2 + 4.
15
Calculate -17 - ((-16 - 6) + 21).
-16
6 - (-1 - -6) - (28 - 15)
-12
Evaluate -59 - -52 - (13 + -3).
-17
Evaluate (15 - 6) + 0 + -9.
0
Calculate (0 - (5 - 12 - -2)) + 2.
7
14 - (12 + (1 - -4 - 11) + -1)
9
(3 + 1 + -1 - 8) + 331 + -319
7
What is the value of (1057 - 1065) + 19 + 0?
11
What is -8 + 2 + 2 + -20 + 18 + -15?
-21
Calculate -8 + (15 - -2) + (12 - 13) + -21.
-13
What is the value of ((13 - 7) + -5 - (2 + -9)) + -8?
0
What is -39 + (19 - 34) + 41?
-13
Evaluate -9 + (7 - (-8 - -14 - 0)).
-8
What is -5 + -16 - (3 + -10 + (0 - -2))?
-16
-7 - (22 + (-2 - (3 + 6)) - -17)
-35
(7 - (-2 + -1)) + (-67 - -59)
2
What is (10 - 17) + 0 + (0 - -23)?
16
Calculate -22 + 48 + -7 - 23.
-4
Evaluate -15 - ((6 - 13) + 0).
-8
What is the value of -11 + 14 + 0 + -12?
-9
6 + (-8 + 5 + -9 - -6)
0
What is the value of -16 + -4 + (-5 - -9) - -9?
-7
What is the value of -10 - (-10 + 3 + (-15 - -11))?
1
(12 - (16 - -4)) + 6
-2
Evaluate 5 + -9 - (-2 - -9).
-11
(-36 - -5) + (15 - -2)
-14
2 + 1 + 0 + 0 - (-257 + 277)
-17
Evaluate -23 - (-10 - (-14 + 8)).
-19
(-18 - (-29 - -6)) + (-4 - -1)
2
What is -23 - (15 + -23) - -18?
3
Evaluate 0 + 0 + -1 + (9 - (-47 - -50)).
5
What is the value of -22 + 24 + 4 - -1?
7
What is -32 + 34 + (-20 - -3 - 0) + -3?
-18
What is the value of (-2 - 8) + (-266 - -269)?
-7
Evaluate 55 + (12 - (21 - -21)).
25
-34 + 73 + 10 + -29
20
What is the value of (-37 - (-13 - -20 - 11)) + 14?
-19
Calculate 5 + 4 + -7 + 1 + -16.
-13
(-62 - -49) + (20 - 1)
6
Calculate 0 - 13 - -5 - -8.
0
Evaluate -11 + 10 + 1 + 0 + 1.
1
What is 12 + (-7 + -3 - -6)?
8
Calculate 6 + (-4 - -5) + -6 + -2 + 6.
5
What is -20 + -11 + 15 + 9?
-7
137 + -127 + 0 + 13 - (-3 + 0)
26
What is -3 - (-3 - 4 - 1 - -6)?
-1
What is 0 - (1 + (5 - (8 + -12 + 6)))?
-4
Calculate -9 + 1 + 0 + 9 + -3.
-2
Calculate 168 + -157 + -1 + (-3 - 21).
-14
What is -3 + 7 - (0 - -13) - 4?
-13
Calculate (-6 - -29) + (-1 - 16).
6
Evaluate -6 + 0 + (17 - (-4 - (-1 - 2))).
12
What is the value of -2 - (-76 - -79 - (-3 + 3 + -2))?
-7
Evaluate -47 + 19 + 18 - -9.
-1
Evaluate -2 + 5 + 10 + -1.
12
4 + 1 + 0 - (24 + 22) - -10
-31
8 + -7 + 8 + 6 + 6 + 2
23
What is the value of 92 - 75 - (-6 - (-26 - 4))?
-7
Evaluate 7 + -17 + (74 - 82).
-18
-8 - (-33 + (-1 + 0 - -4))
22
-2 - (10 - 17) - -11
16
What is -15 + (7 - 3 - (-27 + 18))?
-2
18 + 25 - (21 + 1)
21
What is the value of -28 - -26 - (-6 - -23)?
-19
(-3 + (9 - 3) - 6) + (-6 - 6)
-15
Calculate -3 - (41 - -4) - -31.
-17
Evaluate (20 - 7) + (-14 - (-5 - -18)).
-14
What is 23 + -12 - 0 - (2 - -1)?
8
(-6 + 8 + 1 - (8 + 1)) + -3
-9
Evaluate 395 + -393 + (22 - 1) - 9.
14
4 + 2 + 2 + 1 + 0
9
18 + (6 - 44) + 33
13
What is 20 + (1 + -8 - -8)?
21
What is -19 - 3 - (-39 + 39 + -19)?
-3
What is the value of 6 - 1 - (-48 - -57)?
-4
What is -1 - -14 - (23 + -6 - 11)?
7
Calculate 32 - 59 - (-1 - 20).
-6
-2 - (6 + -3) - ((-38 - -23) + 2)
8
Evaluate (-8 - -2) + 11 + -12.
-7
Calculate 28 + -5 + -34 - -31.
20
What is the value of (0 - -5) + (5 + -16 - -19) + -5?
8
Evaluate -1 + -2 + (62 - 39) - (0 + 7).
13
Calculate 1 - (-1 - 15 - (-13 - (12 - 19))).
11
-2 + (-6 - (1 - 9) - 0)
0
What is the value of -4 - (-8 - -2) - -9?
11
Evaluate (-3 - (-14 + 4)) + (-44 - (15 - 41)).
-11
What is the value of 8 - ((-1 - -10) + (-153 - -146))?
6
9 + -2 - (6 - 7) - 19
-11
Evaluate -58 - (11 + -22 - 18).
-29
What is the value of 32 + -13 + 14 + -5?
28
What is 5 - (6 - 4) - ((-7 - 15) + 7)?
18
Calculate -13 - -23 - 18 - (2 - (37 - 2)).
25
What is the value of 2 + -33 - (-13 - (17 - 23))?
-24
What is the value of -4 + -3 + 3 + 6 + -3?
-1
3 + -18 + -28 + (53 - 38)
-28
Calculate 0 - (11 + -7) - (-4 + 1 - -5).
-6
Calculate 57 + -53 - (-5 + -2).
11
Calculate -3 + 7 + 5 + -26 + 28.
11
What is -3 + 55 - (280 + -245)?
17
Calculate 14 + (-8 + 12 + -4 - 15).
-1
Evaluate (631 - 652) + 38 + -1.
16
What is the value of -1 + 0 + -4 + -1 + (2 - -19)?
15
-1 - (-3 + (16 - 17))
3
Calculate (-4 - (7 + -2 - -7) - -7) + -2.
-11
Calculate (54 - (2 + 66)) + 1 + 19.
6
What is the value of 64 + -39 + (-15 - 5)?
5
Calculate 3 + -10 - (3 + 6 + -14) - 1.
-3
What is the value of (-18 - 4) + -23 + 33?
-12
What is -25 - ((1 - (-16 + 27)) + (0 - -16))?
-31
What is -31 + 43 + -5 + -2?
5
Evaluate (12 - ((8 - 5) + 8)) + (-19 - 2).
-20
Calculate (16 - 35) + 10 + 3 + -1 + -2.
-9
What is -1 + -7 + 3 + -3 - 8?
-16
-49 + (-9 + 2 - -29)
-27
Evaluate -11 - 8 - (63 - 67 - (0 + 0)).
-15
-2 - (-16 + -2 + -1 + 23 + -22)
16
Evaluate 3 + (-16 + 9 - (23 - 20)).
-7
What is -5 + 6 + (-9 - (13 + -45)) + -7?
17
(15 + -3 - -13 - 13) + -41
-29
Calculate -4 - (5 + -5 + -3) - (-15 + 14).
0
What is (1 + 1 - (47 - 48)) + 2 + -5?
0
What is 1 - (163 + -164 - (-3 - -6 - 43))?
-38
What is the value of -17 + (38 - (-12 + -7)) - 15?
25
0 - (-12 + (20 - 9))
1
Evaluate (0 - 16 - (-21 - -13)) + 5.
-3
What is (-1061 - -1050) + -3 + (-1 - (0 + -1))?
-14
Evaluate 43 + (-27 - -46) + -39.
23
What is the value of 19 + (-22 - (-15 + 2)) - -9?
19
What is the value of 12 + (-2 - 0) + 5 + 12 + -15?
12
What is (34 - 32) + -6 + -3 + 6?
-1
Calculate 3 + (-1 + 4 - (16 - 11)).
1
Evaluate (0 - ((-1 - 9) + -4)) + 8.
22
What is the value of -1 + -23 + -6 + 23 + -13?
-20
What is the value of -19 + (-10 + -2 - -25)?
-6
(-1 - -11 - 5) + 12
17
Evaluate (-421 - -438) + 0 + -22.
-5
Calculate -10 + 4 + (1 - 4) - (-1103 + 1106).
-12
39 + -33 + (0 - -4) - -1
11
Evaluate -138 - -135 - (2 - -4).
-9
Evaluate 0 + 2 + (9 + -3 - 5 - 3).
0
What is -12 + 2 + (15 - 6) + 6?
5
What is the value of -18 + 0 - (-6 - -8 - 9 - -4)?
-15
What is the value of -7 - (-8 + (-3 - 1) + 100 + -88)?
-7
What is 15 - 35 - (-11 - -1)?
-10
Evaluate 3 - 2 - (9 - (13 - -1)).
6
What is -11 + (2 - -1) + (9 - (-35 + 17))?
19
14 - ((7 - -3) + 0 - (-1 + 8))
11
4 - (9 - (-34 + 25))
-14
What is the value of -1 + (7 - -28) + -14?
20
Calculate -13 - (-2 + 46 + -37).
-20
Calculate (9 - -4 - 3) + (-12 - -19).
17
What is the value of 16 + 2 + -16 - 4 - (6 + -1)?
-7
Evaluate (5 - 5) + -2 - (-2 - 9).
9
Calculate -9 + 1 + -121 + 125 - 6.
-10
Evaluate 10 + (131 - 157 - (-13 + 1)).
-4
Evaluate 7 + 0 + (17 - 24) + 0 + -7.
-7
What is the value of -21 - (-7 + (8 + -6 - 9) - -8)?
-15
-60 + 34 + 21 - (29 - -2)
-36
(-10 - -2) + (-4 - (-22 + 16))
-6
-6 + -8 + (21 - 2) - -5
10
Evaluate -25 - (3 + (-4 - 10)) - 2.
-16
What is the value of -3 + -1 + 6 + 23 + -45 + 1?
-19
What is -1 + (9 - (5 + 1)) + -2?
0
Calculate 9 + (0 + -11 - (-3 + 7)).
-6
Evaluate 56 + -40 - 34 - -58.
40
What is 18 + 1 - (-7 + (-8 - -38))?
-4
What is -10 + (20 - -18) - 21?
7
0 - (-3 - -2) - (46 - 64)
19
(-5 - 21) + 4 + -5
-27
Calculate (-37 - (19 - 12 - 25)) + (-1 - -11).
-9
Evaluate 6 - (23 - (37 + -20)).
0
Evaluate (-70 - -56 - (-12 + 0)) + 8.
6
Calculate 7 + (32 - (7 - -18)).
14
-5 - (-5 + (-7 - (-9 - -6)) + 8)
-4
What is (-4 - -5 - -1) + (-8 - -1)?
-5
Evaluate 6 + (9 - 6) - (-4 + 17).
-4
Calculate 0 - 18 - (-114 - -103).
-7
What is the value of 3 - 8 - -4 - (4 + -8 - -4)?
-1
What is the value of -4 + 5 + (4 - 1 - 5) - 4?
-5
What is 1 + (3 - 1 - (-11 - -12))?
2
What is 5 + -4 - ((12 - 6) + -4 - 7)?
6
Calculate -1 + -2 + (-1 - 5 - -11).
2
Evaluate 9 - (9 + (-9 - 